 14) to base 10
-289134
Convert 492013 (base 12) to base 3.
2020020002120
-1000000010010000111 (base 2) to base 10
-263303
What is 53402003 (base 6) in base 16?
17f973
310125506 (base 7) to base 16
114d151
Convert -1200476 (base 8) to base 5.
-40443443
Convert -ac09 (base 14) to base 13.
-10745
Convert -542462 (base 10) to base 6.
-15343222
What is 1b517 (base 16) in base 7?
644140
Convert -110200202111112 (base 3) to base 6.
-400333535
What is -2353550 (base 7) in base 16?
-49019
-20954 (base 13) to base 15
-125e2
-3256395 (base 10) to base 8
-14330113
What is -30301113 (base 4) in base 3?
-2122202110
What is -23802 (base 13) in base 6?
-1221123
1702006 (base 11) to base 8
13043122
What is -2e233 (base 15) in base 12?
-72286
Convert 80c78 (base 14) to base 8.
1135032
14230541 (base 6) to base 3
220200221121
623918 (base 10) to base 3
1011200212002
Convert -13624535 (base 8) to base 3.
-12211000202101
What is -12013112213 (base 4) in base 5?
-402243413
What is 6954191 (base 10) in base 12?
23b44bb
100000100110010101100 (base 2) to base 16
104cac
-13103604 (base 9) to base 8
-30440152
Convert 118899 (base 13) to base 7.
3363210
11101011100111001 (base 2) to base 8
353471
110332130 (base 8) to base 5
14330023242
What is 10110101111100101010 (base 2) in base 6?
23550134
What is -2b0b06a (base 12) in base 15?
-b7620a
-122223365 (base 7) to base 11
-4380252
Convert -5606023 (base 8) to base 5.
-341313134
10100111010100 (base 2) to base 7
43135
14a8a38 (base 11) to base 16
2746fa
-30a7b77 (base 12) to base 9
-18240301
Convert -1474691 (base 13) to base 12.
-2226258
What is 75245 (base 8) in base 5?
2001042
-3122223101 (base 4) to base 15
-12a5d2
-3995309 (base 10) to base 5
-2010322214
Convert 61a696 (base 11) to base 13.
28ac13
Convert -3dffe7 (base 16) to base 5.
-2020010312
-2014304 (base 6) to base 11
-658a5
Convert 196d26 (base 14) to base 5.
212340424
-30412342 (base 5) to base 12
-bb51b
-1f031 (base 16) to base 10
-127025
What is -1ad61 (base 15) in base 3?
-11102212201
Convert 104511040 (base 6) to base 10.
1906656
What is 157641 (base 9) in base 12?
484b4
Convert -11010010100111100 (base 2) to base 8.
-322474
What is 200ad (base 15) in base 6?
2101301
Convert -13111212113 (base 4) to base 11.
-10a4158
Convert -226375 (base 8) to base 7.
-440434
Convert -12211013 (base 5) to base 3.
-12220122111
What is -1123130131 (base 4) in base 12?
-160911
-34331213 (base 5) to base 3
-120122220211
What is -545320 (base 6) in base 15?
-d629
Convert -10101100101000110111 (base 2) to base 3.
-1022220222220
-103216432 (base 7) to base 9
-12522444
What is 327396 (base 10) in base 13?
b6034
465707 (base 8) to base 7
1230401
-34630 (base 13) to base 4
-113110210
-5411434 (base 6) to base 5
-32003222
22622436 (base 7) to base 4
13211211021
Convert -210201110 (base 5) to base 7.
-10234066
-3134784 (base 9) to base 5
-412122424
What is -cb298 (base 16) in base 12?
-3416a0
12700 (base 10) to base 14
48b2
What is 101110110000010011 (base 2) in base 3?
100201200212
-11102122212212 (base 3) to base 7
-26006543
Convert 2397513 (base 10) to base 4.
21021111021
Convert 3131323 (base 9) to base 3.
10011001100210
What is -2141132 (base 7) in base 6?
-5341312
-7637170 (base 8) to base 11
-1179442
Convert -3ecb9 (base 16) to base 13.
-900c4
What is 23124761 (base 8) in base 3?
100110020222000
b15f (base 16) to base 6
550115
What is 111012100201 (base 3) in base 9?
435321
11ab69 (base 12) to base 10
288513
What is 22100022211 (base 3) in base 4?
220012213
-491381 (base 12) to base 16
-1211d1
What is -353774 (base 8) in base 11?
-82864
162345 (base 8) to base 13
20896
-168808 (base 11) to base 4
-333212221
Convert 656243 (base 8) to base 7.
1605225
-1e19d (base 15) to base 12
-48a34
-402041a (base 11) to base 6
-412304331
122200022000021 (base 3) to base 16
8f59c6
What is 4d1c3 (base 15) in base 8?
741777
-10010011111001100 (base 2) to base 13
-2860c
Convert -460159 (base 11) to base 7.
-6136540
Convert 19ba4a8 (base 12) to base 6.
313135132
What is -67340 (base 12) in base 14?
-37cd2
Convert -202021423 (base 5) to base 2.
-11000110101110100100
What is 24023341 (base 5) in base 9?
365377
-8670278 (base 9) to base 13
-c6b56a
What is -45233342 (base 6) in base 4?
-11033100332
Convert 192cc97 (base 14) to base 4.
233213122111
1111110010100100111 (base 2) to base 14
d67c3
20808 (base 9) to base 10
13778
What is -321324 (base 7) in base 4?
-31212303
Convert -1551cb (base 15) to base 7.
-11516210
What is -392a19 (base 11) in base 9?
-1142761
Convert 3329689 (base 10) to base 2.
1100101100111010011001
3bac (base 16) to base 10
15276
What is -13020 (base 11) in base 13?
-8651
Convert -16a638 (base 12) to base 14.
-a291a
What is -42125512 (base 6) in base 11?
-767147
Convert 22c296 (base 16) to base 14.
434290
Convert 10203232130 (base 4) to base 6.
41335552
Convert 1235026 (base 8) to base 14.
8cb9c
15282a6 (base 11) to base 3
11220221222210
-2346217 (base 12) to base 11
-3933023
What is 4a2563 (base 11) in base 13?
21a4c1
Convert 40403461 (base 7) to base 12.
1161ba4
Convert 101101011001000000010010 (base 2) to base 7.
203065444
Convert 29669 (base 13) to base 14.
205d2
What is 1310241 (base 6) in base 13?
26647
-30214034 (base 5) to base 14
-64173
Convert -19c46b (base 15) to base 16.
-132c35
-3200111113 (base 4) to base 13
-262315
Convert 18241133 (base 9) to base 6.
524430303
What is -323312321 (base 4) in base 15?
-4c9a2
-2210001332 (base 4) to base 5
-132444440
Convert 3440000 (base 5) to base 15.
13500
Convert 56717336 (base 8) to base 3.
212010200210210
Convert da328 (base 16) to base 6.
31053400
-60353 (base 13) to base 12
-83605
8116 (base 13) to base 4
10111210
Convert 657694 (base 15) to base 13.
100365a
What is 111110011100010 (base 2) in base 15?
9715
82368 (base 9) to base 7
314111
Convert 11354310 (base 7) to base 6.
33313240
1046140 (base 12) to base 10
3079488
What is -ad17b (base 14) in base 15?
-84742
3d108 (base 16) to base 3
110201002201
-33412004 (base 5) to base 8
-1077345
What is 404240 (base 9) in base 5?
30124220
Convert 178c5 (base 15) to base 7.
435155
Convert 132913 (base 10) to base 2.
100000011100110001
What is 206182 (base 9) in base 14?
32991
Convert -1835409 (base 10) to base 15.
-263c59
Convert 1344145 (base 6) to base 4.
102211001
What is 15661633 (base 8) in base 16?
37639b
What is -43315143 (base 7) in base 10?
-3701736
Convert 18aec (base 15) to base 14.
21293
Convert 1011110011001100 (base 2) to base 4.
23303030
What is 11100010111110101110111 (base 2) in base 5?
3401001222
What is -10001111111011101011110 (base 2) in base 10?
-4716382
78786 (base 10) to base 11
54214
What is 40064103 (base 7) in base 16?
3281b2
-c19513 (base 13) to base 5
-2123122321
-111011011100011100101 (base 2) to base 4
-13123203211
What is 901801 (base 15) in base 6?
402332331
-33030575 (base 8) to base 13
-16134c6
Convert 411442 (base 6) to base 7.
164405
What is -21a69 (base 14) in base 8?
-237335
-1033004 (base 11) to base 8
-6741531
48a37a (base 11) to base 2
10111101001110110100
-100102101000110 (base 3) to base 15
-68d759
23b98 (base 13) to base 15
146ec
What is -76835 (base 11) in base 14?
-2c8ab
42140221 (base 5) to base 11
21959a
What is -133445515 (base 6) in base 11?
-1582294
What is -227614 (base 9) in base 4?
-201121312
3741714 (base 8) to base 14
1cc736
What is 540a3b (base 13) in base 8?
7414341
What is 67248 (base 12) in base 16?
21698
Convert 24a1a3 (base 12) to base 6.
20453123
What is 2284a (base 12) in base 7?
251341
2102001002012 (base 3) to base 9
2361065
What is -3167627 (base 8) in base 7?
-10130424
-2281138 (base 9) to base 2
-100101101010110001001
Convert 100000011222 (base 3) to base 16.
2b481
Convert -1515481 (base 10) to base 13.
-410a46
What is -10110111110010011011101 (base 2) in base 6?
-333025153
-4307650 (base 9) to base 10
-2308545
1202121 (base 8) to base 13
b6862
What is -13c04 (base 13) in base 4?
-21011000
Convert -17b655a (base 12) to base 5.
-2232421222
-1d9a82 (base 15) to base 6
-51030035
34660143 (base 7) to base 8
13521651
-412551 (base 6) to base 3
-1200022211
Convert 41a3c (base 15) to base 6.
4243450
140150022 (base 7) to base 2
100010101010101100111001
Convert 676056 (base 8) to base 7.
1640612
What is -3210331012 (b